osite number?
False
Is 6430301 prime?
False
Is 2035777 composite?
True
Is 227806795 composite?
True
Is 43367039 a prime number?
False
Is 5728939 composite?
False
Is 4973741 a prime number?
False
Is 25866587 a prime number?
True
Is 5895431 a composite number?
True
Is 35405473 a composite number?
False
Is 4178287 a prime number?
True
Is 16841707 a composite number?
True
Is 3193585 a composite number?
True
Is 35066117 a prime number?
True
Is 3436793 a composite number?
False
Is 75010961 a composite number?
False
Is 12680323 prime?
True
Is 3635949 composite?
True
Is 78527477 a prime number?
False
Is 4987657 a prime number?
True
Is 61141 prime?
True
Is 31595849 a prime number?
False
Is 20046239 a prime number?
False
Is 21745901 prime?
True
Is 7254355 a composite number?
True
Is 703350823 composite?
True
Is 4723999 prime?
False
Is 4913783 prime?
False
Is 2832605 a prime number?
False
Is 76804982 a prime number?
False
Is 68658407 composite?
False
Is 1015817221 a prime number?
True
Is 2846387 a composite number?
False
Is 6142547 prime?
True
Is 26432873 prime?
True
Is 76120637 a prime number?
True
Is 1447703 prime?
False
Is 327220757 a prime number?
True
Is 16367839 a prime number?
False
Is 6818677 prime?
True
Is 77055991 composite?
False
Is 38058333 composite?
True
Is 639043 a composite number?
False
Is 10081177 a composite number?
False
Is 424443523 composite?
True
Is 51743969 prime?
False
Is 144854449 a prime number?
False
Is 3538813 composite?
False
Is 21038177 a prime number?
False
Is 22378891 a composite number?
True
Is 25400449 a composite number?
False
Is 18417283 a prime number?
False
Is 3889007 composite?
False
Is 457394681 a composite number?
False
Is 22139407 a prime number?
True
Is 384409013 a composite number?
True
Is 126821 a prime number?
False
Is 14730601 a prime number?
False
Is 1514689 prime?
False
Is 5084339 composite?
True
Is 564835 a prime number?
False
Is 47177843 composite?
False
Is 7505201 prime?
False
Is 86241949 composite?
False
Is 7762987 a composite number?
True
Is 2931739 a prime number?
True
Is 207229353 a composite number?
True
Is 306607 prime?
False
Is 43706623 a prime number?
True
Is 7225109 a composite number?
True
Is 15196103 prime?
False
Is 15103661 a composite number?
True
Is 12292006 prime?
False
Is 289357 a composite number?
True
Is 64997 a composite number?
False
Is 1220423 a prime number?
True
Is 11424598 a composite number?
True
Is 48122917 composite?
True
Is 37183463 composite?
True
Is 7885993 a prime number?
True
Is 14666269 composite?
False
Is 172466935 a composite number?
True
Is 6966737 a composite number?
False
Is 65848559 composite?
True
Is 3305915 composite?
True
Is 2560235 composite?
True
Is 1248407 a prime number?
True
Is 47025453 prime?
False
Is 1966333 a composite number?
True
Is 366855941 a prime number?
True
Is 22173999 prime?
False
Is 1306181 composite?
False
Is 284402851 a prime number?
True
Is 88242397 a prime number?
False
Is 7883587 composite?
False
Is 51871793 a composite number?
True
Is 10992029 a prime number?
False
Is 54320657 a prime number?
True
Is 11225059 prime?
False
Is 30500611 a composite number?
True
Is 25600611 a composite number?
True
Is 47299111 a prime number?
True
Is 17720947 a composite number?
False
Is 1222199 a composite number?
True
Is 597718811 prime?
False
Is 3013649 composite?
True
Is 7005217 composite?
True
Is 5740783 prime?
True
Is 4020047 a composite number?
True
Is 789623 prime?
True
Is 54562889 composite?
True
Is 21748703 a composite number?
True
Is 125540227 prime?
True
Is 175998853 prime?
False
Is 39859091 composite?
False
Is 261837313 composite?
True
Is 4587703 prime?
True
Is 729251 composite?
True
Is 14868929 a prime number?
True
Is 134770861 a composite number?
True
Is 17412907 a composite number?
False
Is 290816315 prime?
False
Is 308803483 a composite number?
False
Is 580625239 prime?
False
Is 12718757 a composite number?
False
Is 97878437 composite?
True
Is 69087827 prime?
True
Is 418631 composite?
False
Is 305999 a prime number?
True
Is 17285267 composite?
False
Is 299978323 composite?
False
Is 8874069 composite?
True
Is 80684389 a prime number?
True
Is 5524703 a composite number?
True
Is 12388199 prime?
True
Is 8450471 prime?
True
Is 11983157 a composite number?
False
Is 63710051 a composite number?
True
Is 9588817 a prime number?
False
Is 192419111 composite?
False
Is 3698237 a prime number?
True
Is 313557043 a prime number?
True
Is 793399 composite?
False
Is 2348947 prime?
True
Is 125893529 a composite number?
False
Is 209465219 a composite number?
True
Is 2566297 prime?
False
Is 2958101 prime?
True
Is 59833226 a composite number?
True
Is 35244101 composite?
False
Is 602449 composite?
True
Is 3404111 a prime number?
False
Is 4295077 a composite number?
False
Is 3405109 composite?
False
Is 3245833 composite?
False
Is 95151263 composite?
True
Is 18383429 composite?
True
Is 65216497 a composite number?
False
Is 33237607 composite?
True
Is 537563 prime?
False
Is 108015793 a prime number?
True
Is 1176934417 a prime number?
True
Is 187974149 a prime number?
False
Is 4638181 a prime number?
True
Is 78534433 prime?
True
Is 1004081 a composite number?
True
Is 32793151 composite?
True
Is 238819747 a prime number?
True
Is 3831719 composite?
False
Is 110539579 composite?
False
Is 29352787 prime?
True
Is 294489023 composite?
False
Is 1126627 a prime number?
True
Is 11515079 a prime number?
True
Is 133119439 prime?
True
Is 7452893 a prime number?
False
Is 119456999 a composite number?
False
Is 560040081 a prime number?
False
Is 4707811 prime?
False
Is 89155993 prime?
False
Is 1207337 a composite number?
True
Is 83469797 prime?
False
Is 431207905 composite?
True
Is 9319855 composite?
True
Is 33141889 a prime number?
False
Is 65253677 a composite number?
False
Is 1024367 a prime number?
False
Is 566392039 a composite number?
True
Is 8311133 a composite number?
True
Is 25834 composite?
True
Is 10587713 a prime number?
True
Is 14281693 a prime number?
True
Is 5176691 prime?
False
Is 76491847 prime?
False
Is 10532987 composite?
True
Is 3764777 composite?
True
Is 23559863 a prime number?
True
Is 53432039 a prime number?
True
Is 17709673 composite?
False
Is 641623 a prime number?
True
Is 3272849 a prime number?
True
Is 143780177 a composite number?
False
Is 8010329 prime?
False
Is 28286393 composite?
False
Is 21135607 prime?
False
Is 1249837 composite?
False
Is 730553 prime?
True
Is 20345673 prime?
False
Is 41872697 a composite number?
False
Is 384421 prime?
False
Is 484229827 a composite number?
True
Is 16430189 composite?
False
Is 2210723 composite?
False
Is 375593 composite?
False
Is 107812069 a prime number?
False
Is 188262869 a prime number?
True
Is 8030503 composite?
True
Is 9840553 composite?
True
Is 8596589 a composite number?
False
Is 29644973 prime?
False
Is 21542663 composite?
False
Is 7754047 prime?
False
Is 15461357 prime?
False
Is 6857639 prime?
True
Is 44584537 prime?
False
Is 1466837 composite?
True
Is 51561403 composite?
True
Is 90767661 a composite number?
True
Is 41065447 a prime number?
True
Is 8419967 composite?
False
Is 924173 prime?
True
Is 123954923 a prime number?
True
Is 3846751 composite?
False
Is 4857943 prime?
True
Is 115354389 prime?
False
Is 15776809 a composite number?
False
Is 1085293 prime?
False
Is 3198563 a composite number?
True
Is 6779911 a composite number?
False
Is 4300477 prime?
True
Is 34600057 a composite number?
True
Is 5773991 composite?
False
Is 49382 a composite number?
True
Is 11300983 prime?
True
Is 8970639 a composite number?
True
Is 27086041 a composite number?
False
Is 16082051 prime?
False
Is 2382311 prime?
False
Is 3023707 prime?
False
Is 76771697 composite?
False
Is 17026343 a prime number?
True
Is 1632017 a composite number?
True
Is 16449527 composite?
False
Is 12391903 prime?
False
Is 69576293 a prime number?
True
Is 637138757 prime?
True
Is 9390053 a prime number?
True
Is 608301977 prime?
False
Is 37600973 composite?
False
Is 341238397 composite?
False
Is 1060547 prime?
False
Is 9856939 a prime number?
True
Is 7555601 prime?
True
Is 73259309 a composite number?
False
Is 96583 a prime number?
False
Is 6650661 a prime number?
False
Is 364147489 a composite number?
False
Is 3247199 a prime number?
True
Is 1479452